late b(-5).
-10
Let z(g) be the third derivative of g**9/60480 - g**8/20160 + g**6/80 + g**5/15 - 28*g**2. Let w(u) be the third derivative of z(u). Calculate w(0).
9
Suppose 0*a - 3*v = -a, -a + 4 = -5*v. Let z be 6*(1 - (-2)/a). Suppose 5*u = 5*o + 5, u - 10 = -6*o + z*o. Let p(b) = -2*b + 1. What is p(u)?
-7
Let u(w) = w**3 + 4*w**2 - 3*w - 6. Let i be -14 - -4*(3 + -4). Let k be ((-6)/i)/((-1)/(-12)). Let n = k + -9. Determine u(n).
-16
Let w(f) = -2*f - 23. Let g be w(-14). Suppose 5*k + 21 = 2*o, 0 = -3*k + g*o - o - 7. Let d(q) = 3*q + 7. What is d(k)?
-8
Let v = -32 + 21. Let q(y) = -y**3 - 12*y**2 - 11*y + 2. Let l be q(v). Let c(b) be the first derivative of -2*b**3/3 + b**2/2 - 2*b - 295. Determine c(l).
-8
Let x(f) = 146 - 157 - 8*f - f - f**2. Let r be x(-6). Let a(d) = 2*d**2 - 3*d**2 + r*d**2. Determine a(1).
6
Suppose -2 + 14 = 3*b. Let l(v) = -2*v + 19*v**2 - v**2 - 2 + 22*v**2 - 39*v**2. Give l(b).
6
Let t(u) = -u**2 + 26*u - 159. Let g be t(9). Let f(v) = -v**2 - 3*v + 1. Determine f(g).
-17
Let v(n) = 3*n**2 - 15*n + 7. Let l(b) = 16*b**2 - 76*b + 35. Let o(s) = 2*l(s) - 11*v(s). Let t(j) be the first derivative of o(j). What is t(9)?
-5
Suppose 26 = 23*r - 89. Let x(b) = b**2 - 6*b + 2. Determine x(r).
-3
Let w(h) = -3*h**3 - 7*h**2 - 3*h - 39. Let q(x) = 4*x**3 + 11*x**2 + 5*x + 56. Let d(y) = 5*q(y) + 7*w(y). What is d(7)?
-14
Let r(l) = 4*l**3 - 11*l**2 + 16*l - 9. Let k(p) = 3*p**3 - 11*p**2 + 15*p - 8. Let g(v) = 5*k(v) - 4*r(v). Suppose 23*o = -7*o - 360. Determine g(o).
8
Let x(u) = 6*u + 70. Let a(s) = -20*s + 148. Let g be a(8). Calculate x(g).
-2
Let v(n) = -11*n + 29*n - 14*n - 22 - 17*n + 14*n. Let w = 7 + 2. Calculate v(w).
-13
Let k(r) = 420*r + 4 - 215*r - 6 - 211*r. Give k(1).
-8
Let j(u) = u**3 - u**2 - 1. Let v(o) = -6*o**3 + 9. Let k(q) = 5*j(q) + v(q). Calculate k(-5).
4
Let x be (-32)/6 + (-5)/(-15). Let z(c) be the second derivative of -c**4/12 - c**3 - 5*c**2/2 - 126*c. Give z(x).
0
Let m(q) = -q + 30 - 27 + 5*q - q**2 + 1. Calculate m(4).
4
Let w(p) = p**3 - 9*p**2 + 8*p - 9. Suppose 2*b - 6 = -2*u, 3*u + 19 = -2*b + 21. Calculate w(b).
-51
Let n(d) = -2*d**3 - 5*d**2 - 2*d + 3. Let g be (-450)/162 - 4/18. Give n(g).
18
Let w(f) be the first derivative of f**2/2 + 22*f + 392. What is w(-13)?
9
Let v = 49 - -6. Suppose 2*t - v = -5*l, -16 = -4*l - t + 25. Let i(o) = 3 + 34*o - l - 38*o. Determine i(-4).
10
Let t(s) = -10*s + 714 - 1419 + 707. What is t(4)?
-38
Let x(r) = 22*r**2 - 23*r + 23. Let z(g) = 31*g**2 - 35*g + 34. Let f(n) = -7*x(n) + 5*z(n). What is f(12)?
-15
Let l(v) = -v**3 + 7*v**2 - v + 1. Suppose 280 = 6*s + 262. Determine l(s).
34
Let u(j) = -21*j - 5. Let k(w) = -137*w - 31. Let r(i) = 2*k(i) - 13*u(i). Suppose -2*z + 6 = -0*z. What is r(z)?
0
Let k be 33/6 + (-3)/(-6). Let d(h) = -h**2 + 7*h - 11. What is d(k)?
-5
Let d(f) = -f**2 + 14*f - 17. Let z(o) = 3*o**2 - 41*o + 49. Let j(n) = -11*d(n) - 4*z(n). Give j(10).
-9
Let t(m) = -m**3 + 1. Let z(o) = -33*o**3 - o**2 + o + 6. Let d(y) = 5*t(y) - z(y). What is d(-1)?
-27
Let u(p) = -p**2 - 2*p**2 - 68*p + 5*p**2 - 3*p**2 + 61*p + 5. Give u(-6).
11
Let g(f) = 65*f - 47*f + 17*f + 1 - 37*f. What is g(8)?
-15
Suppose -5*b = 10, 5*b + 22 = -0*j + 4*j. Let m(k) be the second derivative of -1/3*k**4 + 0*k**2 - 1/20*k**5 - 10*k + 0 - 1/3*k**j. Determine m(-3).
-3
Let p(s) be the third derivative of s**6/120 + s**5/10 + s**4/24 + s**3/3 - 364*s**2. What is p(-6)?
-4
Let k = -46 + 53. Let o = -6 + k. Let f(x) = -x**2 - x + 1. Give f(o).
-1
Suppose 7*g - 5 - 16 = 0. Let k(n) = g*n + 1 - 7*n - 4 + 6*n. Calculate k(3).
3
Suppose 0 = -69*g + 71*g. Let c(r) = -r + 2. What is c(g)?
2
Let p(k) = 4*k**2 - 12*k - 2. Let n(q) = -q**2 + 3. Let l(c) = -3*n(c) - p(c). Give l(9).
20
Let b(h) = -2*h - 4. Let p be 3 + -9 + 8 + (-1 - 3). What is b(p)?
0
Let v(h) = -3*h + 21. Let p be v(9). Let w = p - 0. Let q(k) be the second derivative of -k**4/12 - k**3 + 4*k**2 + k. Determine q(w).
8
Suppose 8*b - 99 = -3. Let m(w) = -b - w + 6 - 9 + 2. Let k be m(-5). Let z(i) = -2*i - 10. Determine z(k).
6
Let n be (-9)/3*6/(-9). Suppose t - 4*p - 50 = -2*t, 80 = 4*t - n*p. Suppose 0 = -3*d - t + 4. Let i(b) = b**2 + 6*b + 4. Calculate i(d).
4
Let w(v) be the first derivative of -v**3/3 - 2*v**2 + 6*v + 81. Give w(-5).
1
Let g(q) be the third derivative of -3*q**5/20 - q**4/12 - q**3/3 + 709*q**2. Determine g(-1).
-9
Suppose -s + 4*s + 3 = 4*u, -2*s = 2*u - 12. Let i(m) = -25*m + 57. Let t(p) = 6*p - 13. Let b(a) = 2*i(a) + 9*t(a). Give b(s).
9
Let n(l) = l**3 + 18*l**2 - 41*l - 32. Let o be n(-20). Let k(v) = -v**3 - 13*v**2 - 13*v + 14. Calculate k(o).
26
Let y(b) be the second derivative of b**5/20 + b**4/12 + b**3/3 + 13*b**2/2 - 5*b - 3. Determine y(0).
13
Let m(q) = -q**3 + 13*q**2 + 12*q - 2. Let t be m(13). Let w(z) = z**2 + z**3 - t - 7*z**2 + 161. Give w(6).
7
Let o(p) = 8 - 2*p + 7 - 17. What is o(5)?
-12
Suppose 2*a = 4*a + 6. Let i(c) be the second derivative of 0 + 1/6*c**3 + 2*c**2 - 9*c. Determine i(a).
1
Let h = -272 - -280. Let x(z) = -7*z**3 + 3*z**2 - 14*z + 3. Let d(p) = 6*p**3 - 4*p**2 + 13*p - 4. Let g(a) = 6*d(a) + 5*x(a). What is g(h)?
-9
Let m(s) be the third derivative of s**6/120 - s**5/6 - s**4/2 + 4*s**3/3 - 450*s**2. Let p = 18 + -7. Calculate m(p).
-3
Let f(i) = i**3 - 2 + 5*i**2 + 2*i + 5*i - 3*i. Let w be f(-4). Let y(t) be the second derivative of t**5/20 + t**4/12 - t**3/2 - t**2/2 - 11*t. What is y(w)?
1
Suppose 22*u - 58 = 74. Let o(m) = -3*m + 18. Give o(u).
0
Let k(s) = s**2 + s - 1. Let r = 15 - 14. Let o(c) = 4*c**2 + 6*c - 5. Let u(d) = r*o(d) - 3*k(d). Calculate u(-5).
8
Suppose 34*x + 4 = 35*x. Let y(u) = u**2 - 4*u + 1. Give y(x).
1
Suppose -36*k = -5*x - 31*k, 10 = 3*x - 5*k. Let z(y) = -3*y**2 - 6*y - 1. Give z(x).
-46
Let b(z) = 2*z - 6. Suppose -87*a + 96*a = 45. What is b(a)?
4
Let l(q) = 72*q + 10. Let x(h) = -13*h - 2. Let d(o) = 6*l(o) + 33*x(o). Calculate d(1).
-3
Let g(h) = 8*h**3 - 2*h**2 + 1. Suppose -5*s - 2*u + 1 = 12, u = 3*s. Give g(s).
-9
Let w(n) be the third derivative of 1/60*n**5 + 1/3*n**3 - 7*n + 1/24*n**4 + 0 + 3*n**2. Suppose 0 = -0*g + 2*g - 4. Calculate w(g).
8
Let x(v) = v**2 + 5*v - 3. Let m(l) = -l**3 + 7*l**2 - 6*l + 1. Let w be m(6). Let g = 1 + w. Suppose -r + 5*z = -g + 5, -4*z = 4*r + 12. Determine x(r).
-9
Suppose -5*x - 2*c + 63 = 0, 2*x + 2*x = -5*c + 64. Let n(p) = 2*p - 22. Calculate n(x).
0
Suppose h = 4*h + 57. Let m = -10 - h. Let i(v) = m + 0 + 0 - 5 + 3*v. Calculate i(-3).
-5
Let t = 42 + -15. Suppose 25*i = t*i + 12. Let l(q) = -3*q - 9. Calculate l(i).
9
Let c(v) = 2 + 2*v**2 + 0*v**2 - 110*v - v**2 + 104*v. Suppose 3*z + 5*j - 18 + 60 = 0, -28 = 2*z + 4*j. Let t be (-33)/(-7) + (-4)/z. Calculate c(t).
-3
Let v(b) = -11*b**2 - 6*b - 9 + 24*b**2 - 8*b**2 - 6*b**2. Determine v(-7).
-16
Let q(j) = j**2 + 5*j - 4. Suppose -1 = 2*t + 9. Let f(z) = z**3 + 6*z**2 + 7*z + 3. Let a be f(t). Give q(a).
10
Let f(t) = -t**3 - 5*t**2 + 88 + 49 - 2*t - 138. Let o = -16 + 11. Determine f(o).
9
Let x(f) = f**3 - 5*f**2 + 6*f. Let k be x(4). Let n(c) = -4 + 3*c**2 - 7*c**2 + 3*c**2 + 0*c**2 - k*c. Suppose 0 = 22*p + 28 + 104. Calculate n(p).
8
Let n(d) = 2*d**3 - 4 - 3*d**3 - 4*d - 3*d - 6*d**2. Suppose 3 = -2*k - r, 5*k - 2*r + 7 + 23 = 0. Give n(k).
-8
Let w(m) = m**2 + m - 4. Let b be ((-6)/3 + 9)/1. Suppose -b*i - 15 = -2*i. What is w(i)?
2
Let u(x) be the first derivative of -x**3/3 + 5*x**2/2 + 5*x - 1. Let k(d) = 2*d + 11. Let z be k(-3). Let a = 1 + z. Calculate u(a).
-1
Let y be ((-4)/(-8))/(2/8). Let s be y*(3 - 10/4). Let z(c) = -2*c**3 - c**2 + c. Let o be z(s). Let p(l) = 5*l + 2. Calculate p(o).
-8
Let d(m) = m + 3. Let b(l) = -l**3 + 12*l**2 - 10*l - 13. Let h be b(11). What is d(h)?
1
Let n(o) = -o**3 + 6*o**2 + 8*o - 9. Let m = -7 - -11. Suppose -2*a - c = -7, -3*a + 26 = a - 2*c. Suppose m*s + 5*k = 53, -7 = -s - k + a. What is n(s)?
-2
Let v(d) = -3*d**2 - 2*d + d - 5*d**2. Let u be 6/(2 + (-32)/20)*1. Suppose u - 16 = -w. Calculate v(w).
-9
Let y(l) be the first derivative of l**3/3 - 5*l - 567. Calculate y(4).
11
Let j(v) = 3*v**2 - 4*v + 3 - 2*v**2 + 1. Suppose 0 = 3*b + 3. Let o(w) = -w. Let g(f) = b*j(f) - 3*o(f). Determine g(6).
2
Let n = -81 + 87. Let o(a) = -2 - 3